{"id":10,"date":"2018-08-22T14:53:14","date_gmt":"2018-08-22T12:53:14","guid":{"rendered":"http:\/\/www.peterjohnen.de\/?page_id=10"},"modified":"2022-04-30T16:10:54","modified_gmt":"2022-04-30T14:10:54","slug":"ronda-iberia-plan","status":"publish","type":"page","link":"https:\/\/www.peterjohnen.de\/?page_id=10","title":{"rendered":"Ronda Iberia Plan"},"content":{"rendered":"\n<p>Dies ist der&nbsp;<strong>Plan<\/strong> meiner sechsw\u00f6chigen Motorrad-Tour \u201cRonda Iberia\u201d einmal um die Iberische Halbinsel im Sp\u00e4tsommer 2018.<\/p>\n\n\n\n<figure class=\"wp-block-image size-large\"><img loading=\"lazy\" decoding=\"async\" width=\"1024\" height=\"643\" src=\"https:\/\/www.peterjohnen.de\/wp-content\/uploads\/2019\/07\/RondaIberia2019-2-1024x643.jpg\" alt=\"\" class=\"wp-image-342\" srcset=\"https:\/\/www.peterjohnen.de\/wp-content\/uploads\/2019\/07\/RondaIberia2019-2-1024x643.jpg 1024w, https:\/\/www.peterjohnen.de\/wp-content\/uploads\/2019\/07\/RondaIberia2019-2-300x188.jpg 300w, https:\/\/www.peterjohnen.de\/wp-content\/uploads\/2019\/07\/RondaIberia2019-2-768x482.jpg 768w, https:\/\/www.peterjohnen.de\/wp-content\/uploads\/2019\/07\/RondaIberia2019-2.jpg 1545w\" sizes=\"auto, (max-width: 767px) 89vw, (max-width: 1000px) 54vw, (max-width: 1071px) 543px, 580px\" \/><\/figure>\n\n\n<p>Grundidee des Plans ist es, (fast) keinen Plan zu haben. Richtung &#8211; ja, Spanien, einige Must-see&#8217;s auf der Liste &#8211; ja (siehe unten), Zeitrahmen &#8211; ja, ungef\u00e4hr sechs Wochen (+\/- 1 Woche), aber nicht mehr&#8230; Alle anderen t\u00e4glichen Entscheidungen werden spontan getroffen, da gibt es keine Buchung, keinen Zeitplan, ich bleibe oder ich fahre &#8211; wie&#8217;s mir gerade passt&#8230;<\/p>\n<p>Die obige Karte ist also nur eine vage Idee der Route und verbindet lediglich die unten aufgef\u00fchrten Orte, die ich besuchen m\u00f6chte:<\/p>\n<ul>\n<li><span class=\"t_text\">Start von M\u00fcnchen nach Bern, Schweiz am 23. August 2018 f\u00fcr eine dreit\u00e4gige Tour durch die Schweizer \/ \u00d6sterreichischen \/ Italienischen Alpen mit Freunden aus der Schweiz <\/span><\/li>\n<li><span class=\"t_text\">dann eine dreit\u00e4gige Tour durch die franz\u00f6sischen Alpen mit einem anderen Freund von einem RT-Forum <\/span><\/li>\n<li><span class=\"t_text\">dann weiter nach Frankreich hinein und in die Cevennen, auf die ich mich sehr freue<\/span><\/li>\n<li><span class=\"t_text\">dann durch die Pyren\u00e4en bis zur Biskaya <\/span><\/li>\n<li><span class=\"t_text\">dann entlang der Nordk\u00fcste Spaniens nach Santiago de Campostella<br>(keine Pilgerfahrt, nur Spa\u00df und Freude in sch\u00f6nen, abgelegenen Gebieten &#8211; hoffe ich) <\/span><\/li>\n<li><span class=\"t_text\">dann einmal komplett von Nord nach S\u00fcd durch Portugal mit Porto, Lisboa und der wundersch\u00f6nen Alentejo-K\u00fcste <\/span><\/li>\n<li><span class=\"t_text\">dann durch die Algarve in den S\u00fcden Spaniens (Cadiz!) <\/span><\/li>\n<li><span class=\"t_text\">und durch Andalusien mit Ronda, Granada und der Sierra Nevada<br>(wenn alles gut geht, wird mich meine Frau irgendwo in Andalusien besuchen , <\/span><\/li>\n<li><span class=\"t_text\">dann verlassen der K\u00fcste und \u00fcber Zentralspanien (Estremadura) nach Madrid vielleicht &#8230; <\/span><\/li>\n<li><span class=\"t_text\">dann in Richtung Frankreich wieder in den Golf von Lyon nach Marseille, Cannes, Nizza <\/span><\/li>\n<li><span class=\"t_text\">am Ende ein kleiner Halt vielleicht in meinem geliebten Genua <\/span><\/li>\n<li><span class=\"t_text\">und dann auf den Heimweg nach M\u00fcnchen \u00fcber eine leichte Alpenroute &#8230; <\/span><\/li>\n<\/ul>\n<p><span class=\"t_text\">\u201cLife is what happens to you while you are busy making other plans\u201d<br>(Leben ist das, was dir passiert, w\u00e4hrend du damit besch\u00e4ftigt bist, Pl\u00e4ne zu schmieden (John Lennon)). Was wirklich passiert ist, findet sich also im <strong>Blog Ronda Iberia<\/strong>&#8230;<\/span><\/p>","protected":false},"excerpt":{"rendered":"<p>Dies ist der&nbsp;Plan meiner sechsw\u00f6chigen Motorrad-Tour \u201cRonda Iberia\u201d einmal um die Iberische Halbinsel im Sp\u00e4tsommer 2018. Grundidee des Plans ist es, (fast) keinen Plan zu haben. Richtung &#8211; ja, Spanien, einige Must-see&#8217;s auf der Liste &#8211; ja (siehe unten), Zeitrahmen &#8211; ja, ungef\u00e4hr sechs Wochen (+\/- 1 Woche), aber nicht mehr&#8230; Alle anderen t\u00e4glichen Entscheidungen &hellip; <\/p>\n<p class=\"link-more\"><a href=\"https:\/\/www.peterjohnen.de\/?page_id=10\" class=\"more-link\"><span class=\"screen-reader-text\">\u201eRonda Iberia Plan\u201c<\/span> weiterlesen<\/a><\/p>\n","protected":false},"author":1,"featured_media":336,"parent":0,"menu_order":0,"comment_status":"closed","ping_status":"closed","template":"","meta":{"footnotes":""},"class_list":["post-10","page","type-page","status-publish","has-post-thumbnail","hentry"],"jetpack_sharing_enabled":true,"jetpack_likes_enabled":true,"_links":{"self":[{"href":"https:\/\/www.peterjohnen.de\/index.php?rest_route=\/wp\/v2\/pages\/10","targetHints":{"allow":["GET"]}}],"collection":[{"href":"https:\/\/www.peterjohnen.de\/index.php?rest_route=\/wp\/v2\/pages"}],"about":[{"href":"https:\/\/www.peterjohnen.de\/index.php?rest_route=\/wp\/v2\/types\/page"}],"author":[{"embeddable":true,"href":"https:\/\/www.peterjohnen.de\/index.php?rest_route=\/wp\/v2\/users\/1"}],"replies":[{"embeddable":true,"href":"https:\/\/www.peterjohnen.de\/index.php?rest_route=%2Fwp%2Fv2%2Fcomments&post=10"}],"version-history":[{"count":11,"href":"https:\/\/www.peterjohnen.de\/index.php?rest_route=\/wp\/v2\/pages\/10\/revisions"}],"predecessor-version":[{"id":466,"href":"https:\/\/www.peterjohnen.de\/index.php?rest_route=\/wp\/v2\/pages\/10\/revisions\/466"}],"wp:featuredmedia":[{"embeddable":true,"href":"https:\/\/www.peterjohnen.de\/index.php?rest_route=\/wp\/v2\/media\/336"}],"wp:attachment":[{"href":"https:\/\/www.peterjohnen.de\/index.php?rest_route=%2Fwp%2Fv2%2Fmedia&parent=10"}],"curies":[{"name":"wp","href":"https:\/\/api.w.org\/{rel}","templated":true}]}}

<p>Dies ist der&nbsp;<strong>Plan</strong> meiner sechswöchigen Motorrad-Tour “Ronda Iberia” einmal um die Iberische Halbinsel im Spätsommer 2018.</p>



<figure class="wp-block-image size-large"><img loading="lazy" decoding="async" width="1024" height="643" src="https://www.peterjohnen.de/wp-content/uploads/2019/07/RondaIberia2019-2-1024x643.jpg" alt="" class="wp-image-342" srcset="https://www.peterjohnen.de/wp-content/uploads/2019/07/RondaIberia2019-2-1024x643.jpg 1024w, https://www.peterjohnen.de/wp-content/uploads/2019/07/RondaIberia2019-2-300x188.jpg 300w, https://www.peterjohnen.de/wp-content/uploads/2019/07/RondaIberia2019-2-768x482.jpg 768w, https://www.peterjohnen.de/wp-content/uploads/2019/07/RondaIberia2019-2.jpg 1545w" sizes="auto, (max-width: 767px) 89vw, (max-width: 1000px) 54vw, (max-width: 1071px) 543px, 580px" /></figure>


<p>Grundidee des Plans ist es, (fast) keinen Plan zu haben. Richtung &#8211; ja, Spanien, einige Must-see&#8217;s auf der Liste &#8211; ja (siehe unten), Zeitrahmen &#8211; ja, ungefähr sechs Wochen (+/- 1 Woche), aber nicht mehr&#8230; Alle anderen täglichen Entscheidungen werden spontan getroffen, da gibt es keine Buchung, keinen Zeitplan, ich bleibe oder ich fahre &#8211; wie&#8217;s mir gerade passt&#8230;</p>
<p>Die obige Karte ist also nur eine vage Idee der Route und verbindet lediglich die unten aufgeführten Orte, die ich besuchen möchte:</p>
<ul>
<li><span class="t_text">Start von München nach Bern, Schweiz am 23. August 2018 für eine dreitägige Tour durch die Schweizer / Österreichischen / Italienischen Alpen mit Freunden aus der Schweiz </span></li>
<li><span class="t_text">dann eine dreitägige Tour durch die französischen Alpen mit einem anderen Freund von einem RT-Forum </span></li>
<li><span class="t_text">dann weiter nach Frankreich hinein und in die Cevennen, auf die ich mich sehr freue</span></li>
<li><span class="t_text">dann durch die Pyrenäen bis zur Biskaya </span></li>
<li><span class="t_text">dann entlang der Nordküste Spaniens nach Santiago de Campostella<br>(keine Pilgerfahrt, nur Spaß und Freude in schönen, abgelegenen Gebieten &#8211; hoffe ich) </span></li>
<li><span class="t_text">dann einmal komplett von Nord nach Süd durch Portugal mit Porto, Lisboa und der wunderschönen Alentejo-Küste </span></li>
<li><span class="t_text">dann durch die Algarve in den Süden Spaniens (Cadiz!) </span></li>
<li><span class="t_text">und durch Andalusien mit Ronda, Granada und der Sierra Nevada<br>(wenn alles gut geht, wird mich meine Frau irgendwo in Andalusien besuchen , </span></li>
<li><span class="t_text">dann verlassen der Küste und über Zentralspanien (Estremadura) nach Madrid vielleicht &#8230; </span></li>
<li><span class="t_text">dann in Richtung Frankreich wieder in den Golf von Lyon nach Marseille, Cannes, Nizza </span></li>
<li><span class="t_text">am Ende ein kleiner Halt vielleicht in meinem geliebten Genua </span></li>
<li><span class="t_text">und dann auf den Heimweg nach München über eine leichte Alpenroute &#8230; </span></li>
</ul>
<p><span class="t_text">“Life is what happens to you while you are busy making other plans”<br>(Leben ist das, was dir passiert, während du damit beschäftigt bist, Pläne zu schmieden (John Lennon)). Was wirklich passiert ist, findet sich also im <strong>Blog Ronda Iberia</strong>&#8230;</span></p>

<p>Dies ist der&nbsp;Plan meiner sechswöchigen Motorrad-Tour “Ronda Iberia” einmal um die Iberische Halbinsel im Spätsommer 2018. Grundidee des Plans ist es, (fast) keinen Plan zu haben. Richtung &#8211; ja, Spanien, einige Must-see&#8217;s auf der Liste &#8211; ja (siehe unten), Zeitrahmen &#8211; ja, ungefähr sechs Wochen (+/- 1 Woche), aber nicht mehr&#8230; Alle anderen täglichen Entscheidungen &hellip; </p>
<p class="link-more"><a href="https://www.peterjohnen.de/?page_id=10" class="more-link"><span class="screen-reader-text">„Ronda Iberia Plan“</span> weiterlesen</a></p>
