{"id":25,"date":"2018-08-22T14:53:32","date_gmt":"2018-08-22T12:53:32","guid":{"rendered":"http:\/\/www.peterjohnen.de\/?page_id=25"},"modified":"2021-05-03T19:18:45","modified_gmt":"2021-05-03T17:18:45","slug":"fotografie","status":"publish","type":"page","link":"https:\/\/www.peterjohnen.de\/?page_id=25","title":{"rendered":"Fotografie"},"content":{"rendered":"<p>Ich bin so ein typischer Hobby-Fotograf, der im Laufe der Jahre jede Menge Bilder gesammelt hat, das meiste davon Reisefotografie, und darunter sogar ein paar wirklich sch\u00f6ne.<\/p>\n<p>Mein Opus (!) ist bereits auf den Fotografen-Plattformen flickr und fotocommunity zu sehen, also spare ich mir hier eine erneute Pr\u00e4sentation.<\/p>\n<p>Meine Seite in <a href=\"https:\/\/www.flickr.com\/photos\/pjohnen\/\">flickr<\/a>.<\/p>\n<p>Meine Seite in <a href=\"https:\/\/www.fotocommunity.de\/user_photos\/1443099\">fotocommunity<\/a>.<\/p>\n<h2>Sph\u00e4rische (Kugel) Panoramen<\/h2>\n<p><img decoding=\"async\" src=\"https:\/\/encrypted-tbn0.gstatic.com\/images?q=tbn:ANd9GcTEMFDZkxe3zr5P28c-OrpYwj_bSE4JFmaRTcioHAN69bLxuTCg\" alt=\"Bildergebnis f\u00c3\u00bcr sph\u00c3\u00a4rische panorama\" \/><img decoding=\"async\" src=\"https:\/\/encrypted-tbn0.gstatic.com\/images?q=tbn:ANd9GcT0PPQQ2oFPqnrVUYeF8CXJzWIYTTtcKpbIdgrByQmUS7-VwmHvLA\" alt=\"Bildergebnis f\u00c3\u00bcr sph\u00c3\u00a4rische panorama\" \/><\/p>\n<p>Nur hier auf dieser Seite finden sich aber meine Arbeiten zu sph\u00e4rischen (Kugel) Panoramen.<\/p>\n<p>Sph\u00e4rische (Kugel) Panoramen sind Panorama-Bilder, die mit einer speziellen, aufwendigen Aufnahmetechnik aus vielen Einzelbildern mittels Software zu einem einzigen, sehr speziell gestalteten Kugelpanorama-Bild zusammensetzt werden. Dieses spezielle Bild kann dann von einem spezifischen html-Browserprogramm auf einer Website als dynamische Kugelpanorama dargestellt werden. Man kann dann das Bild mittels Maus-Click und -bewegung in jeder gew\u00fcnschten Weise (rechts, links, hoch, runter) bewegen. H\u00e4lt man die Maus zun\u00e4chst still, beginnt das Bild nach kurzer Zeit von alleine an, langsam zu rotieren.<\/p>\n<p>Meine Kugelpanoramen: <a href=\".\/Panorama_Neu\/index.html\">Start<\/a><\/p>\n<p>Hier schon vorab die Liste der sph\u00e4rischen Panoramen, die sich unter dem obigen Start-Link befinden: .<\/p>\n<ul>\n<li>Paragon Shopping Mall, Bangkok, Thailand<\/li>\n<\/ul>\n<p>Dies ist ein vollst\u00e4ndiges Kugelpanorama im imposanten Haupteingang der Paragon Shopping Mall in Bangkok, Thailand<\/p>\n<ul>\n<li>Day&amp;Night der Piazza in der Autostadt bei VW in Wolfsburg<\/li>\n<\/ul>\n<p>Dies ist eine stufenlose Mischung aus einem Tag- und einem Nacht-Panorama der gro\u00dfen &#8218;Piazza&#8216; in der Autostadt bei VW in Wolfsburg, bei der auf der einen Seite Tag und auf er anderen Seite &#8222;gleichzeitig&#8220; Nacht ist.. Durch die Mischung der zwei Bilder \u00e4ndern sich die Lichtverh\u00e4ltnisse beim Drehen des Panorama quasi nach der &#8218;Uhr&#8216; mit und zwar 180\u00b0 = 12 Std. (Auf Anfrage kann ich das gerne genauer erkl\u00e4ren&#8230; \ud83d\ude09 )<\/p>\n<ul>\n<li>Leeres Trockendock der Norderwerft, Hamburg<\/li>\n<\/ul>\n<p>Dies ist ein vollst\u00e4ndiges Kugelpanorama in einem leeren Trockendock in der Norderwerft, Hamburg.<\/p>\n<ul>\n<li>Onguma Treetop Camp, Etosha Nationalpark, Namibia<\/li>\n<\/ul>\n<p>Dies ist ein Panorama auf der Terrasse eines komfortablen, privaten &#8222;Baumhauses&#8220;, im Onguma Treetop Camp im Etosha Nationalpark, Namibia<\/p>\n<ul>\n<li>MBK Shopping Mall, Bangkok<\/li>\n<\/ul>\n<p>Dies ist ein Kugelpanorama im Inneren der bekannten, gesch\u00e4ftigen und haupts\u00e4chlich von Thai genutzten MBK (Mah Boon Khrong) Shopping Mall in Bangkok, Thailand<\/p>\n\n\n<p><\/p>\n","protected":false},"excerpt":{"rendered":"<p>Ich bin so ein typischer Hobby-Fotograf, der im Laufe der Jahre jede Menge Bilder gesammelt hat, das meiste davon Reisefotografie, und darunter sogar ein paar wirklich sch\u00f6ne. Mein Opus (!) ist bereits auf den Fotografen-Plattformen flickr und fotocommunity zu sehen, also spare ich mir hier eine erneute Pr\u00e4sentation. Meine Seite in flickr. Meine Seite in &hellip; <\/p>\n<p class=\"link-more\"><a href=\"https:\/\/www.peterjohnen.de\/?page_id=25\" class=\"more-link\"><span class=\"screen-reader-text\">\u201eFotografie\u201c<\/span> weiterlesen<\/a><\/p>\n","protected":false},"author":1,"featured_media":74,"parent":0,"menu_order":0,"comment_status":"open","ping_status":"open","template":"","meta":{"footnotes":""},"class_list":["post-25","page","type-page","status-publish","has-post-thumbnail","hentry"],"jetpack_sharing_enabled":true,"jetpack_likes_enabled":true,"_links":{"self":[{"href":"https:\/\/www.peterjohnen.de\/index.php?rest_route=\/wp\/v2\/pages\/25","targetHints":{"allow":["GET"]}}],"collection":[{"href":"https:\/\/www.peterjohnen.de\/index.php?rest_route=\/wp\/v2\/pages"}],"about":[{"href":"https:\/\/www.peterjohnen.de\/index.php?rest_route=\/wp\/v2\/types\/page"}],"author":[{"embeddable":true,"href":"https:\/\/www.peterjohnen.de\/index.php?rest_route=\/wp\/v2\/users\/1"}],"replies":[{"embeddable":true,"href":"https:\/\/www.peterjohnen.de\/index.php?rest_route=%2Fwp%2Fv2%2Fcomments&post=25"}],"version-history":[{"count":18,"href":"https:\/\/www.peterjohnen.de\/index.php?rest_route=\/wp\/v2\/pages\/25\/revisions"}],"predecessor-version":[{"id":447,"href":"https:\/\/www.peterjohnen.de\/index.php?rest_route=\/wp\/v2\/pages\/25\/revisions\/447"}],"wp:featuredmedia":[{"embeddable":true,"href":"https:\/\/www.peterjohnen.de\/index.php?rest_route=\/wp\/v2\/media\/74"}],"wp:attachment":[{"href":"https:\/\/www.peterjohnen.de\/index.php?rest_route=%2Fwp%2Fv2%2Fmedia&parent=25"}],"curies":[{"name":"wp","href":"https:\/\/api.w.org\/{rel}","templated":true}]}}