{"id":43,"date":"2018-08-22T12:51:52","date_gmt":"2018-08-22T10:51:52","guid":{"rendered":"http:\/\/www.peterjohnen.de\/?page_id=43"},"modified":"2018-08-22T15:03:54","modified_gmt":"2018-08-22T13:03:54","slug":"kontakt","status":"publish","type":"page","link":"https:\/\/www.peterjohnen.de\/?page_id=43","title":{"rendered":"Imprint\/Impressum"},"content":{"rendered":"<p>This is a strictly private non-commercial blog therefore it has a simplified imprint.<\/p>\n<p>Dies ist ein rein privater, nicht gewerblicher Blog, der daher nur ein eingeschr\u00e4nktes Impressum hat.<\/p>\n<p>Peter Johnen<br \/>\nR\u00f6ntgenstra\u00dfe 1<br \/>\n81679 M\u00fcnchen<br \/>\nGermany<\/p>\n<p>E-Mail: mail@peterjohnen.de<\/p>\n","protected":false},"excerpt":{"rendered":"<p>This is a strictly private non-commercial blog therefore it has a simplified imprint. Dies ist ein rein privater, nicht gewerblicher Blog, der daher nur ein eingeschr\u00e4nktes Impressum hat. Peter Johnen R\u00f6ntgenstra\u00dfe 1 81679 M\u00fcnchen Germany E-Mail: mail@peterjohnen.de<\/p>\n","protected":false},"author":1,"featured_media":38,"parent":0,"menu_order":0,"comment_status":"closed","ping_status":"closed","template":"","meta":{"footnotes":""},"class_list":["post-43","page","type-page","status-publish","has-post-thumbnail","hentry"],"jetpack_sharing_enabled":true,"jetpack_likes_enabled":true,"_links":{"self":[{"href":"https:\/\/www.peterjohnen.de\/index.php?rest_route=\/wp\/v2\/pages\/43","targetHints":{"allow":["GET"]}}],"collection":[{"href":"https:\/\/www.peterjohnen.de\/index.php?rest_route=\/wp\/v2\/pages"}],"about":[{"href":"https:\/\/www.peterjohnen.de\/index.php?rest_route=\/wp\/v2\/types\/page"}],"author":[{"embeddable":true,"href":"https:\/\/www.peterjohnen.de\/index.php?rest_route=\/wp\/v2\/users\/1"}],"replies":[{"embeddable":true,"href":"https:\/\/www.peterjohnen.de\/index.php?rest_route=%2Fwp%2Fv2%2Fcomments&post=43"}],"version-history":[{"count":3,"href":"https:\/\/www.peterjohnen.de\/index.php?rest_route=\/wp\/v2\/pages\/43\/revisions"}],"predecessor-version":[{"id":69,"href":"https:\/\/www.peterjohnen.de\/index.php?rest_route=\/wp\/v2\/pages\/43\/revisions\/69"}],"wp:featuredmedia":[{"embeddable":true,"href":"https:\/\/www.peterjohnen.de\/index.php?rest_route=\/wp\/v2\/media\/38"}],"wp:attachment":[{"href":"https:\/\/www.peterjohnen.de\/index.php?rest_route=%2Fwp%2Fv2%2Fmedia&parent=43"}],"curies":[{"name":"wp","href":"https:\/\/api.w.org\/{rel}","templated":true}]}}